 ((-6)/15)/(1/10). What is u(n)?
15
Let i(p) = -980 - 732*p + 572 + 737*p. Calculate i(81).
-3
Suppose -2*i - 2*i + 8 = 0. Let q(t) = t**3 - 8*t**2 - t + 10. Let w be q(8). Let g(r) = -17 - r**3 + 0*r**3 - 17 + 36 - w*r**2. Give g(i).
-14
Let l(k) = 11*k - 13. Let w be ((-12)/(-30))/(-6 + (-310)/(-50)). What is l(w)?
9
Let i(l) be the first derivative of l**5/20 + 2*l**4/3 - l**3 + 11*l**2/2 + 79*l - 102. Let v(a) be the first derivative of i(a). Calculate v(-9).
-16
Let f(l) = 38 + 3*l**3 - l**3 - 44 + 23*l - 12*l**2 - 19*l. Let a be f(6). Let j(d) = 9*d - a - 11*d + 25. What is j(6)?
-5
Let k(j) be the third derivative of j**5/30 - j**4/8 - 73*j**2. Let w(n) = -n**2 - 13*n - 18. Let h be w(-10). Suppose 15*i + h = 18*i. What is k(i)?
20
Suppose -2*p + 7*p + 25 = 0. Let t(b) be the third derivative of -b**4/3 - b**3 - 287*b**2 - b. What is t(p)?
34
Let m(r) = -2*r - 1. Suppose -l - 4*y = -20, -l + 4*y = 6 + 14. Let a be (l - 10/(-3))/((-28)/(-42)). Determine m(a).
-11
Let r = -98 - -101. Let t(s) = -7*s**2 - 11*s - 2. Let n(u) = -3*u**2 - 5*u. Let k(b) = 5*n(b) - 2*t(b). Give k(r).
-14
Suppose -16*k + 395 = 363. Let t be ((-1)/4)/((-9)/(38 - k)). Let h(w) = 22*w + 1. Give h(t).
23
Let q(r) = -r**3 + 2*r**2 + 3*r - 1. Let g(i) = -14*i + 47. Let p be g(-20). Let k = p + -324. What is q(k)?
-1
Let m(i) = i**3 + 21*i**2 - i - 31. Let o(x) = x**2 + 247*x + 2121. Let n be o(-9). What is m(n)?
-10
Let r(n) = 10*n - 52. Suppose -15*z - 77 = -37 - 115. Give r(z).
-2
Suppose -3*i = 622 + 500. Let l = -382 - i. Let q(z) = -z**3 - 7*z**2 + 9*z + 1. Calculate q(l).
-7
Let a be (-57)/38*(-12)/9. Let s(p) = p**a + p + 0*p + 0*p + 126 - 128. What is s(2)?
4
Let i(a) = a + 8 + a - 9 - 1 - 19. Calculate i(-12).
-45
Let k = 16 + -21. Let h(l) be the first derivative of -l**3/3 - 3*l**2/2 + 7*l + 83. What is h(k)?
-3
Let c(r) = 554*r - 1163*r + 604*r - 18 - 23. What is c(-17)?
44
Let b(v) = 34*v + 310. Let x(o) = 11*o + 104. Let l(z) = -6*b(z) + 17*x(z). Let y be l(-5). Let m(f) = -f**3 - 8*f**2 - 5*f + 1. Determine m(y).
-13
Let l(p) be the second derivative of p**4/12 + 3*p**2 + 11*p + 12. Let i be 0*(-2 + (-12)/(-4)). What is l(i)?
6
Let d(n) = n**3 - 5*n**2 + 6*n - 3. Let y(x) = 2*x**2 + 20*x + 8. Let h be y(-9). Let r be -8 + 5 + h/(-2). Give d(r).
-3
Let a(u) be the second derivative of -1/6*u**3 - u**2 + 0 - 49*u. What is a(-7)?
5
Let m(t) = -4*t**3 - 8*t**2 - 2*t - 6. Suppose -d = 15 - 13. Let c(u) = 2*u**3 + 4*u**2 + u + 2. Let w(a) = d*m(a) - 5*c(a). What is w(-2)?
4
Let f(l) be the second derivative of -l**3/3 + 2*l**2 - 2*l - 55. Let u = 42 + -44. Give f(u).
8
Let j(k) = -2*k**3 - 12*k**2 - 2. Let d be 352/(-48) - 4/(-3). Calculate j(d).
-2
Let k(m) be the first derivative of m**7/420 - m**6/120 + m**5/40 - m**4/24 - 5*m**3/3 + 8*m - 272. Let f(v) be the third derivative of k(v). What is f(1)?
1
Let j(d) be the second derivative of -d**4/12 - d**3 - 2*d**2 + 3090*d. Let o = 0 - 6. Determine j(o).
-4
Let f(z) be the third derivative of -1/60*z**5 + 0*z + 0 + 2/3*z**3 - 38*z**2 - 7/24*z**4. Calculate f(-7).
4
Let v(u) be the third derivative of -u**6/120 - u**5/60 + u**4/4 - 227*u**2 + u. What is v(-3)?
0
Let j(t) = 81*t**3 - 2*t**2 - 3*t - 1. Let o(v) = -3*v**3 + v**2 + v. Let p(l) = -j(l) - 3*o(l). Give p(-1).
72
Let x(s) = s**2 - 6*s + 6. Let t be x(6). Suppose 0 = t*w + w - 14. Let y(m) = -4 + 5 - w*m + 2. What is y(2)?
-1
Let d be 246*(3 + -10 + 4). Let z be d/(-287)*(-14)/3. Let t(p) = -p**3 - 11*p**2 + 8*p - 14. Calculate t(z).
34
Suppose 0 = -2*w - 0*c - 2*c - 34, c = 2*w + 46. Let h(v) = v**2 + 22*v + 28. Calculate h(w).
7
Let h be (7 - 1)*42/36. Let v(a) = 11*a**3 - 45*a**2 - 21*a - 23. Let y(m) = -4*m**3 + 16*m**2 + 8*m + 8. Let z(x) = -3*v(x) - 8*y(x). Calculate z(h).
-2
Let f(i) be the second derivative of -i**4/4 + 5*i**3/6 + 2*i**2 - 3883*i. Give f(4).
-24
Let m(b) = 4*b + 15. Let q(p) = -2*p - 9. Let g(r) = -3*m(r) - 4*q(r). What is g(8)?
-41
Let w(j) be the third derivative of -j**6/120 + j**3/6 - 23*j**2. Suppose 8*p - 193 = -209. Calculate w(p).
9
Let q(m) = m**2 - 2*m - 4. Let z be q(-3). Let a = 255 - 255. Suppose 8*y + z + 45 = a. Let o(t) = t**3 + 7*t**2 + t + 1. Give o(y).
-6
Let v(s) = -7*s**2 + 92*s + 3. Let n be v(13). Let o(w) = -3*w - 19. Give o(n).
-67
Let p = -18746 - -18750. Let c(a) be the second derivative of 2*a + 11/2*a**2 + 11/6*a**3 - 3/4*a**p + 0 - 1/20*a**5. What is c(-10)?
1
Let v(u) = -u**3 - 2*u**2. Let m(g) = 5*g**3 + 2*g**2 + 26*g + 27. Let r(f) = -m(f) - 6*v(f). Calculate r(-12).
-3
Let a(g) = -3*g**2 + 7*g - 12. Let l(x) = -2*x**2 + 5*x - 8. Let n(q) = 5*a(q) - 8*l(q). Let j be -1*(-5)/((-15)/(-132)). Suppose u = -10*u + j. Give n(u).
0
Let o(b) = 26*b**2 - 13*b - 159. Let d(q) = 19*q**2 - 10*q - 106. Let a(i) = 7*d(i) - 5*o(i). Determine a(0).
53
Let m(x) = -5*x**3 + 4*x**2 + 2*x - 2. Let c = -9037 + 9035. Give m(c).
50
Let t be 1/4 - 26/104. Suppose 4*h + t*i - 3*i - 12 = 0, 5*h - 15 = i. Let m(l) = -2*l**2 + 3*l + 3. Determine m(h).
-6
Let g be (-6)/(-3)*1 - (7 - 4). Let l be (-1)/(g + 10/15). Let q(u) = 2*u**3 - 3*u**2 + 2*u**2 - u**l - 4 + u. What is q(3)?
17
Let w(g) be the first derivative of 0*g**4 - 1/20*g**5 - 17 - 1/2*g**2 - 1/6*g**3 + 18*g. Let y(m) be the first derivative of w(m). What is y(0)?
-1
Let b(q) = -1 + 5*q + q**3 - 2 - 5*q**2 - q. Let i(l) = 3*l**2 - 198*l - 4229. Let c be i(-17). What is b(c)?
-3
Let f(b) = -4089*b**2 + b**3 + 24*b - 20 + 4101*b**2 - 3. Give f(-8).
41
Let j(y) be the second derivative of -y**3 - 15*y**2 - 5626*y. Calculate j(-6).
6
Let v(h) = -903 + 2009 - 793 + 38*h. Determine v(-8).
9
Let f(z) be the first derivative of z**2 - 7*z - 1. Suppose -66*l + 70*l = 5*i + 45, 5*l + 3*i = 10. Calculate f(l).
3
Suppose v = -4*v - a + 7, 5 = v - a. Let s(f) = -4*f + 13. Calculate s(v).
5
Let a(v) = 2*v**3 - 5 + 412163*v + 13*v**2 - 412155*v - 8 - 2. Determine a(-6).
-27
Let d(s) = -s - 3. Let v(i) = -i**3 - 5*i**2 + 2*i - 66. Let x be v(-7). Suppose x*h + 100 = 28*h. Give d(h).
-13
Let a = -644 + 641. Let w(c) be the first derivative of -c**2/2 + 114. Determine w(a).
3
Let a = 46 + -10. Let u = a + -29. Let o(s) = 6*s**3 + 7*s**2 + 7*s - 1. Let i(r) = 5*r**3 + 7*r**2 + 6*r. Let y(v) = 7*i(v) - 6*o(v). Determine y(u).
6
Let a(n) = n**3 + 12*n**2 + 14*n + 3. Let h be a(-6). Let w = h - 82. Let u = w + -52. Let x(b) = -19*b**2 - 2*b + 1. Calculate x(u).
-20
Let j = -1 - 98. Let k = -96 - j. Let q(g) = k*g - 82 + 79 - 4*g. What is q(-8)?
5
Suppose 4 = f + 2*g, g = -4*f - 0*g + 44. Let s(c) = 11*c - 11 + f*c**2 - 11*c**2 + 43. Let d be s(-7). Let q(i) = i**3 - 4*i**2 - 4*i - 1. Give q(d).
-17
Let z(g) = -29*g - 20. Let o(w) = -4. Let s(b) = -5*o(b) + z(b). Suppose 19*m - 6*m = 13. Calculate s(m).
-29
Let z(w) = 25*w**2 + 1. Let t(l) = -9*l - 215. Let h be t(-24). Determine z(h).
26
Let i(p) = p**3 - 11*p**2 + 2*p - 12. Let h be 5 + -6 - 5 - -14. Suppose -w - h*w = -99. What is i(w)?
10
Let c(y) = y**2 + 14*y + 12. Let s(x) = -x**2 + 20*x. Let z(a) = -c(a) + 2*s(a). What is z(9)?
-21
Suppose 8*v - 3 = 5*v. Let t be 72/32 - v - 22/(-8). Let a(c) = c - 5. What is a(t)?
-1
Let t(s) = -35*s**3 + 129*s**2 + 44*s + 162. Let l(x) = -11*x**3 + 42*x**2 + 14*x + 54. Let y(g) = -19*l(g) + 6*t(g). Give y(-24).
-6
Let l = 179 - 49. Let z(o) = l*o - 253*o + 1 + 124*o. Let t(s) = 2*s**3 - 5*s**2 + s - 8. Let f(r) = -t(r) - 4*z(r). Determine f(3).
-20
Suppose 0 = 34*p - 23*p - 77. Let q(d) = -18*d + d**3 + 10 - 7*d**2 + 18*d + 0*d**3. Calculate q(p).
10
Let w(o) be the second derivative of o**4/12 - 7*o**3/3 - 9*o**2/2 + 4*o - 842. Suppose 26 = 3*t - 19. Give w(t).
6
Let h = 439 + -374. Let b(n) = h*n**2 + n**3 + 0*n**3 - 132*n**2 - n + 9 + 68*n**2. Calculate b(0).
9
Let s(h) be the second derivative of 1/6*h**3 - 1/12*h**4 + 3*h**2 - h - 29. What is s(4)?
-6
Let z(a) = 3 - 5*a**2 - 4*a**2 - a**3 + a**2. Let g(r) = 2*r**2 - 17*r - 25. Let h be g(10). Suppose i + 17 = 3*y + 41, 4*y = -h*i - 32. What is z(y)?
3
Let k(o) be the second derivative of 5*o**4/6 + o**3/2 - 21*o + 1. Suppose -23 = 34*w + 45. Determine k(w).
34
Let c(v) = 2*v + 0*v + 3*v. Suppose 4*r + 0*z = -5*z + 31, 5*z - 15 = 0. Let b(t) = t**3 - 6*t**2 + 8*t + 2. Let n be b(r). Give c(n).
10
Let q(r) = 0*r - 13 - 3*r + 5*r + 15.